{"id":736,"date":"2025-07-16T21:24:48","date_gmt":"2025-07-17T00:24:48","guid":{"rendered":"https:\/\/mocabonitaacessorios.com.br\/?post_type=product&#038;p=736"},"modified":"2025-11-15T01:19:21","modified_gmt":"2025-11-15T04:19:21","slug":"oculos-ref-o001","status":"publish","type":"product","link":"https:\/\/mocabonitaacessorios.com.br\/?product=oculos-ref-o001","title":{"rendered":"\u00d3culos &#8211; R$119,90 \/Ref O001"},"content":{"rendered":"<p>\u00d3culos de sol prote\u00e7\u00e3o UV400 e poalrizado<\/p>\n<p>4x de R$29,97<\/p>\n<p><img fetchpriority=\"high\" decoding=\"async\" class=\"alignnone size-medium wp-image-740\" src=\"http:\/\/mocabonitaacessorios.com.br\/wp-content\/uploads\/2025\/07\/DSC_2659-200x300.jpg\" alt=\"\" width=\"200\" height=\"300\" srcset=\"https:\/\/mocabonitaacessorios.com.br\/wp-content\/uploads\/2025\/07\/DSC_2659-200x300.jpg 200w, https:\/\/mocabonitaacessorios.com.br\/wp-content\/uploads\/2025\/07\/DSC_2659-683x1024.jpg 683w, https:\/\/mocabonitaacessorios.com.br\/wp-content\/uploads\/2025\/07\/DSC_2659-768x1152.jpg 768w, https:\/\/mocabonitaacessorios.com.br\/wp-content\/uploads\/2025\/07\/DSC_2659-1024x1536.jpg 1024w, https:\/\/mocabonitaacessorios.com.br\/wp-content\/uploads\/2025\/07\/DSC_2659-1365x2048.jpg 1365w, https:\/\/mocabonitaacessorios.com.br\/wp-content\/uploads\/2025\/07\/DSC_2659-600x900.jpg 600w, https:\/\/mocabonitaacessorios.com.br\/wp-content\/uploads\/2025\/07\/DSC_2659-64x96.jpg 64w, https:\/\/mocabonitaacessorios.com.br\/wp-content\/uploads\/2025\/07\/DSC_2659-scaled.jpg 1707w\" sizes=\"(max-width: 200px) 100vw, 200px\" \/><\/p>\n","protected":false},"excerpt":{"rendered":"<p>\u00d3culos de sol prote\u00e7\u00e3o UV400 e poalrizado 4x de R$29,97<\/p>\n","protected":false},"featured_media":740,"comment_status":"open","ping_status":"closed","template":"","meta":[],"product_cat":[65,31],"product_tag":[],"_links":{"self":[{"href":"https:\/\/mocabonitaacessorios.com.br\/index.php?rest_route=\/wp\/v2\/product\/736"}],"collection":[{"href":"https:\/\/mocabonitaacessorios.com.br\/index.php?rest_route=\/wp\/v2\/product"}],"about":[{"href":"https:\/\/mocabonitaacessorios.com.br\/index.php?rest_route=\/wp\/v2\/types\/product"}],"replies":[{"embeddable":true,"href":"https:\/\/mocabonitaacessorios.com.br\/index.php?rest_route=%2Fwp%2Fv2%2Fcomments&post=736"}],"wp:featuredmedia":[{"embeddable":true,"href":"https:\/\/mocabonitaacessorios.com.br\/index.php?rest_route=\/wp\/v2\/media\/740"}],"wp:attachment":[{"href":"https:\/\/mocabonitaacessorios.com.br\/index.php?rest_route=%2Fwp%2Fv2%2Fmedia&parent=736"}],"wp:term":[{"taxonomy":"product_cat","embeddable":true,"href":"https:\/\/mocabonitaacessorios.com.br\/index.php?rest_route=%2Fwp%2Fv2%2Fproduct_cat&post=736"},{"taxonomy":"product_tag","embeddable":true,"href":"https:\/\/mocabonitaacessorios.com.br\/index.php?rest_route=%2Fwp%2Fv2%2Fproduct_tag&post=736"}],"curies":[{"name":"wp","href":"https:\/\/api.w.org\/{rel}","templated":true}]}}